d by 12?
9
Suppose 4*z - 2*g - 20 = 14, 3*g = 3*z - 24. Suppose 5*y = a - 1 - 6, -5*a + 3*y - z = 0. What is the remainder when 62 is divided by (a/9)/((-2)/126)?
20
Let r(v) = -2*v**3 - 2*v**2 - 2*v + 6. Calculate the remainder when r(-3) is divided by 17.
14
Calculate the remainder when 107 is divided by 0 - ((-2)/(-12) - 109/6).
17
Let x = 28 - 24. Let w = 10 - -2. What is the remainder when w is divided by -3 - -6 - -1*x?
5
Suppose 4*y = -5*u - 0*y + 20, 5*u = -y + 20. Suppose 3*z + z - u = 0. What is the remainder when 2 is divided by z?
0
Let q = 6 - 4. Suppose q*t - 4 - 6 = 0. Suppose 0 - 65 = -t*d. Calculate the remainder when 38 is divided by d.
12
Let k(g) = g**2 - 10*g + 8. Let y be k(8). Let z(t) = -10 - 69*t**2 + t - 1 + 70*t**2. Calculate the remainder when z(y) is divided by 12.
9
Let u = -437 - -698. What is the remainder when u is divided by 8?
5
Let a(k) = -7*k - 1. Calculate the remainder when 47 is divided by a(-3).
7
Suppose 4*b - 3*t + 7 = 2*t, b = 2*t - 1. Let w = -1 - b. Calculate the remainder when w is divided by 1.
0
Suppose 2*c = -3 + 21. Let u = c - -5. What is the remainder when u is divided by 5?
4
Suppose -3*z - 15 = 0, -5*i = -2*i + 2*z - 2. What is the remainder when i is divided by 1?
0
Let y(m) = 3*m - 12. Calculate the remainder when 29 is divided by y(6).
5
Suppose -5*r - 52 = -4*q - 2*r, -3*q + r + 44 = 0. Suppose 0 = 4*a + q, o = -0*o + a + 53. Let z = o + -11. What is the remainder when z is divided by 13?
12
Let z(b) = 47*b**2 + 2*b - 1. Let c be z(1). Suppose -2*y + 2*p + c = 0, -3*y + 48 = -0*y + 5*p. What is the remainder when 83 is divided by y?
20
Suppose -3*k + 135 = 27. Calculate the remainder when 69 is divided by k.
33
Suppose z + 4*z - 5*n = 65, 2*z + 3*n = 36. Calculate the remainder when 32 is divided by z.
2
Let r(w) = -5*w - 1. Suppose -5*q = -3*x - 3, 5*q = -4*x + 21 - 60. Calculate the remainder when r(x) is divided by 10.
9
Suppose -t = 3*t - 140. What is the remainder when t is divided by 15*1*9/15?
8
Let v(x) = -4*x. What is the remainder when 13 is divided by v(-2)?
5
Suppose 4*u = 15 + 21. Calculate the remainder when 987/42 - (1 + 10/(-4)) is divided by u.
7
Suppose 0 = -5*r - 3*t + 436, 0*r - 5*r + 457 = -4*t. Calculate the remainder when r is divided by 23.
20
Let k(b) = 2*b**2 - 4*b + 2. Let s be -4 + (-1 - -4) - -6. What is the remainder when k(s) is divided by 7?
4
Suppose -12 = 4*a + 4*n, a = 4*a - 3*n - 3. What is the remainder when 40 is divided by 1 + 10 + (-3)/a?
12
Suppose -q + 80 = -2*n, 320 = 4*q - 2*n - 3*n. Suppose 4*x + 4 = q. What is the remainder when 56 is divided by x?
18
Suppose 4*j - 3*a - 2*a = 18, 0 = -2*j - 3*a - 2. Let h(c) = -2*c**3 + c + 1. Calculate the remainder when h(-1) is divided by j.
0
Suppose s - 6*s = 40. Calculate the remainder when 45 is divided by (s/3)/((-6)/54).
21
Let m(b) = -b**3 + 7*b**2 - 6*b + 2. Let v be m(6). Let w be (-2)/2 - (v + -2). Calculate the remainder when -27*(2*w - -1) is divided by 14.
13
Suppose -3*x = -1 - 11. What is the remainder when 9 is divided by x?
1
Suppose -10 = -3*a + 20. What is the remainder when 27 is divided by a?
7
Suppose 0 = n - 3*n + 20. Calculate the remainder when 68 is divided by n.
8
Let k(q) = 8*q + 4. Let f(a) = 7*a + 3. Let c(d) = 7*f(d) - 6*k(d). Let i be c(3). Suppose 3*b - 22 - 92 = i. Calculate the remainder when b is divided by 13.
12
Let w(i) = -i**2 - 11*i - 5. Suppose d + 7 = c - 11, -c = 2*d - 21. What is the remainder when c is divided by w(-10)?
4
Let m(j) = 39*j - 1. Let f be m(-4). Let s = -110 - f. What is the remainder when s is divided by 12?
11
Let x(h) = -2*h**3 - 4*h**2 + 8*h + 13. What is the remainder when 132 is divided by x(-4)?
42
Let f(h) = 6*h - 31. Let p = 6 - -6. What is the remainder when f(13) is divided by p?
11
Suppose 3 = -3*a, -3*g + 2*a = -8*g + 43. What is the remainder when 14 is divided by g?
5
Let t(h) = 3*h - 24. Let a be t(10). Let q be ((-6)/(-4))/(3/(-4)). What is the remainder when 22 is divided by q/(a/(-3)) - -7?
6
Suppose -3*w + 18 = 4*y + 2, -5*w - 2*y + 36 = 0. Calculate the remainder when 15 is divided by w.
7
Suppose 10*b - 5*b = 5*u + 930, 8 = -2*u. Suppose b + 38 = 5*l. What is the remainder when l is divided by 15?
14
Suppose 2*p - 393 = 17. Suppose -5*n = -p + 70. Calculate the remainder when 53 is divided by n.
26
Let r(z) = -z + 6. Let n be r(0). Suppose 0 = -2*q + 24 - n. Calculate the remainder when 14 is divided by q.
5
Let x = -21 + 42. What is the remainder when 39 is divided by x?
18
Suppose 70*a + 222 = 73*a. Calculate the remainder when a is divided by 38.
36
Let l(t) = -2*t**3 - 10*t**2 + 3*t + 5. What is the remainder when l(-6) is divided by 22?
15
Let i = 29 + -12. Let t be (-1)/((3 + -2)/(-1)). Suppose q - 1 = -p + t, 3*q = -4*p + 2. What is the remainder when i is divided by q?
5
Let m be 363/6 + 1/(-2). Suppose -6 = 2*f - m. What is the remainder when f is divided by 54/8 + 4/16?
6
Let m = -107 + 218. Calculate the remainder when m is divided by 40.
31
Suppose -8*i + 4*i = -8. Suppose -i*t + 85 + 55 = 0. What is the remainder when t is divided by 12?
10
Calculate the remainder when 87 is divided by (-517)/(-22) + (-3)/2.
21
Suppose -f + 29 = -3*b - 0*b, 113 = 5*f + b. What is the remainder when f is divided by -1 + 1 - 6/9*-12?
7
Suppose 5*j - 6 - 14 = 0. What is the remainder when 21 is divided by j?
1
Suppose 0 = 5*a + 37 - 97. Calculate the remainder when 80 is divided by a.
8
Let k(y) = 2*y**2 + 4 + 3*y + 2 - 7*y. Suppose 20 = x + 4*x. What is the remainder when 64 is divided by k(x)?
20
Suppose 36 + 12 = 2*m. Calculate the remainder when m is divided by 13.
11
Let b be (-1 + -2)/(15/20). Calculate the remainder when 38 is divided by 2/b*(-28 + 2).
12
Calculate the remainder when 54 is divided by 16 + 3 + 0/3.
16
Suppose -3*x + 8*d + 93 = 12*d, 0 = d. Calculate the remainder when 52 is divided by x.
21
Suppose 5*c - 2*q + q = 309, 5*c - 314 = -4*q. What is the remainder when c is divided by 16?
14
Suppose -3*w + 720 = 5*w. What is the remainder when w is divided by 31?
28
Let v(a) = a**3 - 2*a**2 - 8*a - 9. Let w be v(7). Suppose -x + 4*x = w. Suppose x = -l + 6*l. What is the remainder when 34 is divided by l?
10
Suppose 2*i + 3*h - 93 = 0, -3*h - 95 = -3*i + 82. What is the remainder when 103 is divided by i?
49
Suppose -f = -5*u + 345, 2*u - 3*u - f = -63. Suppose 300 = 8*n - u. Calculate the remainder when n is divided by 16.
14
Suppose -2*h + 120 = 6*h. What is the remainder when 43 is divided by h?
13
Calculate the remainder when 35 is divided by (-3)/((-40)/12 - -3).
8
Let h = 35 - -11. Suppose 0 = i + 5*d + 2 - 1, 0 = -2*i + 2*d + h. Calculate the remainder when i is divided by 10.
9
Suppose 5*y - 6 = 14. Suppose 70 = y*w + 2. What is the remainder when w is divided by 6?
5
Suppose h + 9 - 11 = 0. Suppose -3*s + c + 101 - 30 = 0, -56 = -3*s - h*c. Calculate the remainder when 65 is divided by s.
21
Let v(c) = -2*c**2 - 3*c + 1. Let p be v(2). Let i = 9 - p. What is the remainder when i is divided by 12?
10
Calculate the remainder when (-1)/2*(-9 - 17) is divided by 5.
3
Let v(c) = -94*c - 7. Calculate the remainder when v(-1) is divided by 15.
12
Let a(b) = b**2 - 9*b + 3. Let q be a(8). What is the remainder when 36 is divided by (q - -2)*(-38)/6?
17
Suppose 2*g - 6 = 4. Suppose -j = 2*j - p - 96, 128 = 4*j - g*p. Let k(w) = 2*w**2 - w + 1. What is the remainder when j is divided by k(-2)?
10
Let l = 0 + 2. Let p(s) = s**3 + 5*s**2 + 1. What is the remainder when l is divided by p(-5)?
0
Let s = 30 + -15. Let t(w) = w**2 - w + 8. Let m be t(0). Let o = s - m. Calculate the remainder when 19 is divided by o.
5
Let x be (-5)/(-10) - 1/(-2). Let w(v) = 8*v**3 + v**2 - 1. Calculate the remainder when 23 is divided by w(x).
7
Suppose 4*y + 4*f - 86 = -6, -4*f + 16 = 0. What is the remainder when 45 is divided by (1 - 3)/((-2)/y)?
13
Let f(c) = c + 17. What is the remainder when 114 is divided by f(6)?
22
Suppose 5*u - 22 - 23 = 0. Calculate the remainder when 2/(-3)*-3 + 14 is divided by u.
7
What is the remainder when (-567)/(-45) - (-4)/10 is divided by 7?
6
Suppose 2*l - 56 = -2*l. Suppose 8*g - 5*g = 15. Calculate the remainder when l is divided by g.
4
Suppose 2*w = -2*w + 28. Suppose 5*s - 44 = -3*m, -3 